se 11) in base 13?
c4bc13
-10010100001111001 (base 2) to base 15
-1774c
-4613730 (base 8) to base 11
-785125
Convert -135499 (base 10) to base 3.
-20212212111
555125453 (base 6) to base 12
3443889
What is 84583b (base 15) in base 6?
342541115
Convert -69497 (base 13) to base 6.
-4040335
Convert 2033430 (base 6) to base 16.
17eda
What is -280778 (base 9) in base 11?
-107709
-5a6a9 (base 12) to base 8
-356141
471cc (base 14) to base 5
21020443
What is 40a00 (base 15) in base 12?
9a5a6
54141451 (base 6) to base 15
218e8a
-3b743 (base 13) to base 14
-2c6ac
6416303 (base 8) to base 9
3187413
Convert -100000101111111011 (base 2) to base 13.
-49095
-117c5 (base 15) to base 9
-84435
What is -16cd9b (base 14) in base 7?
-6555554
What is 420035 (base 6) in base 8?
101667
6222347 (base 9) to base 15
4592aa
What is 33083 (base 10) in base 13?
1209b
Convert 11100011010011111110 (base 2) to base 12.
38a992
30772213 (base 8) to base 10
6550667
What is -2228488 (base 12) in base 7?
-106316045
1237312 (base 9) to base 11
420904
6650256 (base 7) to base 12
335a80
What is -4312614 (base 9) in base 6?
-121313021
What is 1173246 (base 9) in base 6?
21405240
What is -1004082 (base 9) in base 3?
-1000011002202
What is -618479 (base 13) in base 7?
-25222460
What is 101111011100011000 (base 2) in base 12?
94560
Convert -2013331221 (base 4) to base 13.
-16663b
305140562 (base 7) to base 5
14041044343
Convert 10211504 (base 10) to base 5.
10103232004
-4514a1 (base 14) to base 10
-2347045
Convert -b59a9 (base 13) to base 14.
-87160
-25395b (base 13) to base 10
-893579
Convert 523640 (base 7) to base 2.
10110000001001100
Convert -10110010102 (base 3) to base 9.
-113112
What is 14aa69 (base 11) in base 2?
111001001011100010
-21432045 (base 6) to base 2
-10011100101110111101
-3413403 (base 7) to base 4
-1213131330
What is -2154315 (base 6) in base 7?
-631322
-501273 (base 9) to base 2
-1001000010100001010
What is -6225435 (base 7) in base 13?
-201888
What is -8a04ce (base 16) in base 2?
-100010100000010011001110
What is -daf9a (base 16) in base 15?
-12ab4c
Convert 75c6a (base 13) to base 4.
310000210
Convert -8582749 (base 10) to base 16.
-82f65d
Convert c0c2 (base 13) to base 7.
140216
What is -9028b (base 12) in base 15?
-3a62e
2321280 (base 10) to base 9
4327170
What is -17467110 (base 8) in base 4?
-33212321020
-35323215 (base 6) to base 10
-1099739
What is -12245716 (base 8) in base 3?
-12002111110101
Convert -1051303 (base 6) to base 15.
-10c93
What is 340233244 (base 5) in base 4?
11230133111
What is 30554023 (base 7) in base 9?
4743637
-46aa99 (base 12) to base 11
-708484
4dba8 (base 16) to base 2
1001101101110101000
4105912 (base 10) to base 6
224000504
-1001010011101010011 (base 2) to base 15
-6056e
Convert -11442154 (base 6) to base 13.
-c9526
What is 40569a (base 11) in base 5?
131323234
Convert -3546502 (base 7) to base 11.
-287293
Convert 4dd34 (base 15) to base 5.
30434344
Convert 111101010010011111 (base 2) to base 10.
251039
What is -1543662 (base 7) in base 15?
-43020
Convert -45238 (base 12) to base 7.
-531656
-226434306 (base 7) to base 13
-2b795b9
-2754a (base 16) to base 6
-3241454
3442324014 (base 5) to base 13
17c3943
22494 (base 12) to base 3
2022120111
What is -2120132312 (base 4) in base 5?
-124441231
What is -b57b9 (base 15) in base 3?
-1002020102210
What is -365040 (base 10) in base 16?
-591f0
eb425 (base 15) to base 11
4700a9
Convert 1513282 (base 9) to base 2.
11001100000001010110
Convert -452410 (base 7) to base 2.
-10011100011111010
Convert -4a892a (base 14) to base 4.
-21300303222
What is -2385796 (base 10) in base 4?
-21012132010
-23030113 (base 4) to base 13
-17b39
52073 (base 16) to base 13
b9c12
What is -2821423 (base 11) in base 9?
-10131266
What is -105710 (base 10) in base 14?
-2a74a
Convert -224563066 (base 7) to base 15.
-13181d7
What is -2c0506a (base 13) in base 9?
-28511248
-100001001010110111 (base 2) to base 7
-1104050
Convert -7237a2 (base 11) to base 14.
-22346b
22020302 (base 4) to base 10
41522
What is -17834634 (base 9) in base 2?
-100010010100111010100100
What is -11100000101001010 (base 2) in base 12?
-5668a
Convert 10726133 (base 8) to base 13.
63b182
What is 696894 (base 13) in base 16?
262386
Convert -120456 (base 7) to base 10.
-21846
What is 752847 (base 10) in base 6?
24045223
1217144 (base 12) to base 4
31122210010
What is 63d4 (base 14) in base 4?
10031112
What is -100011000100100010001110 (base 2) in base 16?
-8c488e
Convert 20515264 (base 8) to base 3.
22012202121221
-604b8 (base 14) to base 13
-81463
What is -66450 (base 10) in base 7?
-364506
Convert -14251412 (base 6) to base 11.
-3043aa
Convert -12011101002 (base 3) to base 15.
-20188
What is e63b (base 16) in base 12?
2a137
42034454 (base 6) to base 12
4a8a2a
-33512325 (base 6) to base 8
-3711135
Convert 33445450 (base 6) to base 13.
298083
Convert a3272 (base 11) to base 3.
21122202101
Convert 3386a6b (base 13) to base 10.
15837755
Convert 1001110001000101011010 (base 2) to base 5.
1123412341
-27ca0b (base 15) to base 6
-105021502
Convert -264451 (base 14) to base 12.
-536873
11044312410 (base 5) to base 11
6917aa2
Convert 939152 (base 10) to base 11.
591665
What is 1db0cd (base 16) in base 6?
105412205
What is 24b4b3 (base 13) in base 6?
30522255
What is 1010101111010000000 (base 2) in base 14?
9233a
526134 (base 8) to base 7
1326530
-9745307 (base 10) to base 12
-331b78b
What is 99211 (base 13) in base 8?
1035266
What is -20011212022121 (base 3) in base 9?
-6155277
-636755 (base 11) to base 13
-298b40
What is -440240312 (base 5) in base 2?
-111001011111010111000
Convert cc61 (base 16) to base 15.
10781
Convert d97b0 (base 16) to base 7.
10400041
-20022213111 (base 4) to base 2
-1000001010100111010101
-552324113 (base 6) to base 13
-20933a6
Convert -12121101011022 (base 3) to base 5.
-1230321124
Convert -29529 (base 16) to base 2.
-101001010100101001
What is 411014301 (base 5) in base 14?
312055
Convert d5533 (base 14) to base 6.
15004201
1382058 (base 10) to base 14
27d946
Convert 23ba17 (base 13) to base 15.
11d131
1088047 (base 9) to base 13
1785c7
What is 1bb76aa (base 14) in base 11?
7926880
-13244032 (base 5) to base 3
-20211011212
Convert 248b75 (base 13) to base 9.
1575124
-1213004234 (base 5) to base 7
-33211013
What is -b712c (base 13) in base 5?
-41023012
-40cd8 (base 15) to base 2
-110010001001011011
Convert 822330 (base 9) to base 11.
303088
What is 901616 (base 10) in base 4?
3130013300
Convert 420ab0 (base 13) to base 15.
2077bc
What is -f884a (base 16) in base 10?
-1017930
What is -113021430 (base 5) in base 7?
-4252424
What is -45a8a10 (base 12) in base 14?
-1ad1416
What is -216366 (base 9) in base 3?
-20120102020
-130320102 (base 4) to base 16
-1ce12
Convert -8934 (base 11) to base 13.
-5489
What is 10500530 (base 6) in base 4?
1031320212
Convert 21573 (base 14) to base 15.
18d72
What is -13535050 (base 9) in base 11?
-3863811
What is -11211331301 (base 4) in base 5?
-333404400
What is 140044604 (base 7) in base 10?
9070247
What is 70379 (base 12) in base 7?
1144500
What is 2254504 (base 6) in base 3?
12220122211
223030021 (base 4) to base 9
288601
What is -626061 (base 7) in base 2?
-11010010011100001
-1667753 (base 9) to base 16
-e3403
766423 (base 9) to base 15
90803
Convert 437021 (base 9) to base 6.
5332201
Convert 5320135 (base 6) to base 15.
51c3e
176c27 (base 14) to base 13
22ba19
Convert -132123024 (base 7) to base 11.
-4881229
-2305525 (base 6) to base 16
-1cc9d
d6ebb8 (base 16) to base 8
65565670
What is 1000110111001111 (base 2) in base 14?
d331
What is 1102111210 (base 3) in base 5?
1344244
-13023434 (base 5) to base 13
-458c7
Convert -1194741 (base 10) to base 8.
-4435365
What is -9482738 (base 10) in base 4?
-210023013302
-2432111301 (base 5) to base 15
-7853a1
What is -978876 (base 14) in base 10?
-5132952
What is 2310303 (base 6) in base 12?
58393
65b641 (base 14) to base 9
6438103
Convert -98282 (base 10) to base 4.
-113333222
Convert -1250023 (base 6) to base 11.
-47688
Convert -120100010211 (base 3) to base 16.
-49b55
What is 400442 (base 6) in base 3?
1120220022
Convert -10001111111010111100000 (base 2) to base 4.
-101333113200
Convert 2133732 (base 9) to base 5.
243110042
What is -101001110111001101 (base 2) 